{"id":15,"date":"2014-01-24T16:15:34","date_gmt":"2014-01-24T15:15:34","guid":{"rendered":"http:\/\/www.vtbaron.cz\/holany\/?page_id=2"},"modified":"2026-03-03T14:04:16","modified_gmt":"2026-03-03T13:04:16","slug":"zkusebni-stranka-2","status":"publish","type":"page","link":"https:\/\/srazy.shoc.cz\/","title":{"rendered":"\u00davodn\u00ed str\u00e1nka"},"content":{"rendered":"\n<blockquote class=\"wp-block-quote has-text-align-center is-layout-flow wp-block-quote-is-layout-flow\">\n<p>V\u00edt\u00e1ni jsou nejen v\u0161ichni p\u0159\u00edznivci motocykl\u016f Honda Shadow, VTX a VT CX, ale i v\u0161ichni p\u0159\u00edznivci motocykl\u016f chopper\/custom\/cruiser.<\/p>\n<\/blockquote>\n\n\n<h1 style=\"text-align: center;\"><span style=\"text-decoration: underline;\"><a href=\"http:\/\/www.shoc.cz\/\" target=\"_blank\" rel=\"noopener noreferrer\">Shadow Owners Club<\/a><\/span><\/h1>\n<h1 style=\"text-align: center;\">&nbsp;<\/h1>\n\n<div class=\"wp-block-image\">\n<figure class=\"aligncenter size-large\"><img loading=\"lazy\" decoding=\"async\" width=\"683\" height=\"1024\" src=\"https:\/\/srazy.shoc.cz\/wp-content\/uploads\/ce5bfRB-683x1024.jpeg\" alt=\"\" class=\"wp-image-1192\" srcset=\"https:\/\/srazy.shoc.cz\/wp-content\/uploads\/ce5bfRB-683x1024.jpeg 683w, https:\/\/srazy.shoc.cz\/wp-content\/uploads\/ce5bfRB-200x300.jpeg 200w, https:\/\/srazy.shoc.cz\/wp-content\/uploads\/ce5bfRB-768x1152.jpeg 768w, https:\/\/srazy.shoc.cz\/wp-content\/uploads\/ce5bfRB-100x150.jpeg 100w, https:\/\/srazy.shoc.cz\/wp-content\/uploads\/ce5bfRB.jpeg 1024w\" sizes=\"auto, (max-width: 683px) 100vw, 683px\" \/><\/figure>\n<\/div>","protected":false},"excerpt":{"rendered":"<p>V\u00edt\u00e1ni jsou nejen v\u0161ichni p\u0159\u00edznivci motocykl\u016f Honda Shadow, VTX a VT CX, ale i v\u0161ichni p\u0159\u00edznivci motocykl\u016f chopper\/custom\/cruiser. Shadow Owners Club &nbsp;<\/p>\n","protected":false},"author":2,"featured_media":1014,"parent":0,"menu_order":0,"comment_status":"closed","ping_status":"closed","template":"","meta":{"footnotes":""},"class_list":["post-15","page","type-page","status-publish","has-post-thumbnail","hentry"],"_links":{"self":[{"href":"https:\/\/srazy.shoc.cz\/index.php?rest_route=\/wp\/v2\/pages\/15","targetHints":{"allow":["GET"]}}],"collection":[{"href":"https:\/\/srazy.shoc.cz\/index.php?rest_route=\/wp\/v2\/pages"}],"about":[{"href":"https:\/\/srazy.shoc.cz\/index.php?rest_route=\/wp\/v2\/types\/page"}],"author":[{"embeddable":true,"href":"https:\/\/srazy.shoc.cz\/index.php?rest_route=\/wp\/v2\/users\/2"}],"replies":[{"embeddable":true,"href":"https:\/\/srazy.shoc.cz\/index.php?rest_route=%2Fwp%2Fv2%2Fcomments&post=15"}],"version-history":[{"count":53,"href":"https:\/\/srazy.shoc.cz\/index.php?rest_route=\/wp\/v2\/pages\/15\/revisions"}],"predecessor-version":[{"id":1193,"href":"https:\/\/srazy.shoc.cz\/index.php?rest_route=\/wp\/v2\/pages\/15\/revisions\/1193"}],"wp:featuredmedia":[{"embeddable":true,"href":"https:\/\/srazy.shoc.cz\/index.php?rest_route=\/wp\/v2\/media\/1014"}],"wp:attachment":[{"href":"https:\/\/srazy.shoc.cz\/index.php?rest_route=%2Fwp%2Fv2%2Fmedia&parent=15"}],"curies":[{"name":"wp","href":"https:\/\/api.w.org\/{rel}","templated":true}]}}